 1) - 17 - (-25 + -6)
20
What is (6 - 41) + 46 + 4 + 0?
15
(-30 - 30) + 41 - -26
7
What is the value of 6 + (-7 - ((5 + 4 - -6) + 1))?
-17
Calculate -6 - (-2 - 7) - -5.
8
Evaluate (91 - 73) + -9 + 0 - 21.
-12
-19 + (-31 - -47) + (19 - 1)
15
Evaluate (17 - 5) + 6 + -13.
5
What is the value of 4 + 5 + (6 + -1 - 3) + -3?
8
What is -30 - -26 - (2 - -1) - (-10 + -2)?
5
Evaluate -4 - (19 - 5) - -23.
5
What is -8 + (14 + 4 - 7) - (2 - 4)?
5
What is 57 - -1 - 26 - 35?
-3
What is (3 - 8) + 6 + -46 + 48?
3
Calculate 4 + (6 - -7) - (-5 + 6).
16
Evaluate 12 - (16 - (-8 - -3)).
-9
Evaluate -7 - (-14 + 15 - -2).
-10
Evaluate 4 + (-11 - -14) + -9 + 1.
-1
-11 - (-7 + 5 + 8 - (2 + 0))
-15
What is (13 - (-12 - -26)) + 14 + 12?
25
Calculate (-3 - 1) + 11 + -20 - -10.
-3
Calculate (26 - 14 - 4) + 1.
9
Evaluate 10 + 8 + -13 - (1 + 13).
-9
Calculate (-6 - (8 + 1 + -8)) + -26 + 29.
-4
What is the value of 554 - 487 - (39 + 1)?
27
What is the value of -22 + -1 + (64 - 55) - 6?
-20
Evaluate 30 + (-74 - -72) + -1 + 1.
28
Evaluate (0 - 1) + -2 + 4 - (-36 - -35).
2
What is 1 - 1 - -15 - (-2343 + 2356)?
2
Calculate (-782 - -767) + -7 + 1.
-21
Evaluate 33 + -10 + -10 + 0 + -9.
4
(1 - (-5 + 2 + 9)) + 1 + 1
-3
Evaluate 5 - -5 - 28 - -9.
-9
What is 14 - (37 - 8 - 11) - 2?
-6
Calculate -17 - (-18 + 8 + -60 + 15).
38
8 + (26 - (-1 - (-2 - 6 - 3)))
24
Calculate -10 + 14 - -2 - (2 + 5).
-1
Calculate 45 + -75 + (1 - -14) + 41.
26
Calculate (-7 + 2 - (-19 - -13) - -4) + 0.
5
What is 0 + (-1 - 13) + 12954 + -12947?
-7
155 + -159 - (13 + -3 + 3 + 4)
-21
What is -19 - -9 - (-8 + (7 - -5))?
-14
Calculate -1 - (-23 + 1 + 14).
7
Evaluate -20 - -19 - -1 - (2 + -11) - -13.
22
Evaluate -19 - (-19 + -6 + 13) - (-1 - 0).
-6
Evaluate 9 - (-2 + 6 - 0) - 5.
0
What is -6 - (34 - (-19 + 40))?
-19
What is -2 + 5 + 1 - (-19 + 9 + 1)?
13
What is -1 - 3 - (-1 + 16)?
-19
Calculate 10 + -4 - (6 - (3 + 3 - 3)).
3
Evaluate -27 + (-1 - -11) + -10 + -2 + 1.
-28
Evaluate ((1 - 8) + -1 - -11) + -1.
2
Calculate (6 + -11 - (-6 + -5 - -6)) + -8.
-8
Calculate 30 - (-16 + 11 - (-2 - 13)).
20
Evaluate (-3 - (11 + -21)) + -21.
-14
Evaluate -8 - (8 + -17 + (8 - -3)).
-10
What is the value of 102 - 114 - (14 - (1 - (-4 - -2)))?
-23
Calculate 1 + -35 + (-160 - -190).
-4
What is -3350 + 3347 + (0 - 19)?
-22
Calculate -36 - (-11 + -32 + 39).
-32
Calculate (-20 - -20) + -3 - -21.
18
-9 + 6 + (0 + 4 - (22 + -24))
3
What is -1 - -4 - (2 + (-4 - (-2 - 2)))?
1
Evaluate -2 + 7 + (3 - 1 - -6).
13
What is the value of -12 + -5 + 7 + -11 + 3?
-18
What is the value of 91 + -83 - (-3 + -1 + 3 + -14)?
23
(107 - 95) + (-30 - (3 - 4))
-17
-11 - (-2 - (5 + -14 + 3 + 6))
-9
What is (-27 - (20 - 49)) + (-35 - (2 - 4))?
-31
Evaluate (-51 - 5 - -31) + 49.
24
Evaluate 5 - (-34 + 23 + 9 + -2).
9
(39 - (3 - (9 + -23))) + -12
10
What is the value of 1 + 3 + 21 + (-11 - 9)?
5
What is (-12 + 4 - -9) + -5 - -6?
2
-5 - (-7 + (-20 - -8))
14
What is the value of 11 - (-2 - -12) - (5 + -2 - -6)?
-8
What is -22 + 24 - (-3 - -1) - 3?
1
What is -245 - -247 - (3 - 29)?
28
3 + 0 + 7 + -10
0
What is -1252 + 1256 + (1 + 1 - -4)?
10
Evaluate 7 - 3 - (16 - 4).
-8
What is the value of -15 - (-14 - (-2 - 18))?
-21
17 - (11 + 2 + 3)
1
Calculate 3 + 1 + (-20 - -24).
8
Evaluate 0 + (-1 - -5 - 8) + 14.
10
What is the value of -174 + 179 - (-1 + -2)?
8
0 - -29 - (26 + (-25 - -13))
15
What is 7 - (-7 - (-117 + 77 + 0 + 6))?
-20
Evaluate -1 + 5 + 2 + -4 - 6.
-4
What is the value of (0 - -23) + -38 - (-3 + 1 - -7)?
-20
What is the value of -17 + (-15 - (-39 + 16)) - (1 - 5)?
-5
What is the value of 0 + (4 - 13) + 13?
4
15 - (-3 - -6 - (2 + 1))
15
(-3 - -19 - 3 - 0) + (3 - 5)
11
What is 8 + (-2 + 8 - (35 - 30))?
9
What is 8 + -13 - 0 - -10?
5
What is the value of 0 + -16 - (-1 + (-14 - -5 - -6))?
-12
Calculate -15 + 37 + -38 - -5.
-11
What is 0 + 1 + -7 + -2 + (6 - 1)?
-3
18 - (-20 - (-25 - -4))
17
What is the value of -2 - 11 - (-32 + 39)?
-20
What is the value of (-13 - -5 - -3) + -15 + 5 + 2?
-13
What is the value of 9 - -22 - 22 - -5?
14
What is -2 + (-5 - -50) - 14?
29
What is the value of -9 - (4 + -3 + (7 - 14) + 0)?
-3
Calculate 5 + 36 + -36 - (0 - -6).
-1
What is (7 - -5 - (-3 - 1)) + 117 + -111?
22
Calculate -6 + (-2 + (-6 - -1) - (-32 - -32)).
-13
Calculate 7 - (14 + -2) - (10 - -1).
-16
Calculate (25 - (1 + 11)) + -11.
2
What is the value of 2 + 2 + -3 + (4 + 3 - 16)?
-8
2 - (-18 - (-10 + 0))
10
What is the value of 2 + (7 - (49 - 17))?
-23
-16 - (-2 + -12 + 4 - 2)
-4
What is the value of 6 + 3 + (-1 + 0 - 3)?
5
What is the value of -49 - -25 - (4 + -16)?
-12
What is (2 - (3 - 5) - 11) + 1 + 0?
-6
Evaluate (-635 - -652) + (23 - (-4 - -3)).
41
0 - ((3 - -4 - 18 - -5) + -12)
18
Evaluate 0 + 3 + -5 + -2 + (0 - 1).
-5
What is the value of 15 + (-63 + 34 - (1 - 3))?
-12
What is 15 - (-2 + 6) - 2 - (4 + -12)?
17
(11 - 57) + 25 + (-2 - -18)
-5
-5 - 1 - (-9 - -17 - (19 + 5))
10
-6 + -11 + 13 + -15 - 11
-30
What is the value of 2 + 0 + -3 + 2 + (-665 - -660)?
-4
-897 - -883 - (13 + (2 - (0 - -3)))
-26
Calculate -10 + -18 + -6 + 23.
-11
-25 + (6 - -24) - (0 - (0 + -4))
1
Evaluate (-5 - (-7 + 6)) + 1 - (0 - -30).
-33
What is the value of -7 + -2 + (11 - -11) - 7?
6
What is the value of 3 + 3 + -8 + 4 + -2 + -1?
-1
(29 + 30 - 33) + -27
-1
4 + (-4 - (-4 - (1 + -2))) + -4
-1
What is -2 + (3 - 4) + (-8 - -8) + 10?
7
-13 + 1 - (13 + -25 + 14 - 7)
-7
What is -14 + 24 - -8 - 31?
-13
What is the value of (-2 - -2) + -6 + (-3 - 16) + 9?
-16
What is the value of (-10 - (3 - 2) - -5) + 1 + -3?
-8
Evaluate 11 + (-15 - 5) + -1 + 13.
3
Calculate -70 + 68 - (-5 + -1 + (7 - 5)).
2
What is the value of 21 - 20 - (-24 + 8)?
17
Evaluate (-33 - -68 - 20) + -7.
8
Evaluate -3 + -7 + 9 + 39 + -22.
16
Evaluate -4 - (-27 + (-14 - -19)).
18
What is the value of -14 + -8 + 55 + -13 + -9?
11
Calculate (-315 - -283) + 58 + 1.
27
What is the value of (-18 - -25) + 0 - -2?
9
What is (-4 - 5) + -3 - (-72 - -75)?
-15
Evaluate 1 - (3 + -4) - (18 + -15).
-1
What is the value of -6 + 0 + 14 - 14?
-6
Evaluate 35 + -8 - (32 + -19).
14
What is the value of -1 + 13 - (-30 + -40 + 63)?
19
Calculate 2 + (7 + -2 + -21 - (-2 - 1)).
-11
What is -4 + (-3 + -2 - (-11 + -4)) + 5?
11
Evaluate -13 + 9 + 21 + -2.
15
What is -4 - 6 - 4 - (-459 + 457)?
-12
What is -48 + (-28 - -28) + 38?
-10
Calculate 13 + (10 - 2) - 14.
7
What is the value of -5 - ((-2 - 2) + -15 + -9 + 13)?
10
Calculate (4 - -27) + -37 - -28.
22
2 - 0 - (0 + (12 - (1 + 9)))
0
Calculate -3 + 9 + -10 + 7 + -1.
2
What is -7 + (11 - (-13 - -4))?
13
Calculate -3 - (14 + 2 + -1).
-18
8 - 9 - (11 - 3)
-9
What is (-8 - (-2 + 1 + -11)) + -10?
-6
What is -7 + 0 + 22 + -21?
-6
Evaluate -11 - (10 + -23 + -9 + 13).
-2
Evaluate (14 - 7) + (-1 - 8).
-2
What is -30 + -1 - (49 + -66)?
-14
Evaluate 1 + (-6 - -8) - (-80 + 118).
-35
Evaluate 0 + -18 + 32 + -18 + -6 + -5.
-15
4 - (10 + (-10 - -16))
-12
(-1570 - -1582) + (1 - 1) + (1 - 4)
9
Evaluate -4 + -14 - -17 - (0 - -9).
-10
Evaluate -27 - (6 - 21) - 7.
-19
What is -227 + 236 + 1 + 1 - 4?
7
Calculate -11 + -11 - -31 - 0.
9
Calculate 3 - (-1 - (-17 + 7) - (-6 - -1)).
-11
What is the value of 5 + -1 + -3 + -5 + 8?
4
Calculate (1 - 11) + (17 - 1).
6
What is 1 + -9 - (595 + -595)?
-8
Evaluate -11 - 1 - (-6 + -3 - -3 - -2).
-8
What is the value of (5 - 11) + 9 - (-5 + (16 - 9))?
1
-19 + ((51 - 13) + 8 - 3)
24
What is 257 + -260 + 2 + (24 - (1 + 0))?
22
(-28 - -29 - ((1 - 3) + 13)) + 3
-7
Evaluate 2 + -2 + 3 - (16 - (-1 - -2)).
-12
What is the value of 5 + (-30 - -9) - (-2 - 5)?
-9
(-1 - (-6 + -7)) + -6
6
Evaluate 0 + (-7 - (-7 - -4)) + -7.
-11
What is 20 + -24 + 43 + -32?
7
Calculate -14 - (-22 - -2) - (-5 + 40 - 4).
-25
What is the value of (-1 - (-6 + 5 + 9 + -5)) + 2?
-2
What is the value of -4 + (0 - 6 - -4 - 5 - 0)?
-11
39 - 13 - 22 - -12
16
Calculate (-23 - (-51 + 10)) + -6.
12
((-17 - 10) + 18 - -24) + 20
35
What is 26 + -23 - (0 - 1 - 3)?
7
What is the value of -7 - (4 + -1 + -7 + 1)?
-4
-13 + 27 + 12 + -48
-22
What is the value of (0 + 2 - 3) + 7 - (40 - 45)?
11
What is 8 - (-38 + 22 + 34)?
-10
Evaluate (4 - (-8 + 1 + 9)) + 23.
25
(18 - -28 - 14) + -18
14
What is -13 - ((0 - (3 + -2)) + (-60 - -57))?
-9
What is the value of 0 + -16 + 21 + 1 + -16?
-10
Calculate 11 + (10 - 25) + 3 + -18.
-19
Calculate -30 + 21 